 = k + 25. List the prime factors of g.
2
Let w = 64 + -38. Let z = 16 - w. Let u = -1 - z. What are the prime factors of u?
3
Let c(o) = -o**3 - 3*o**2 + 8*o + 14. What are the prime factors of c(-6)?
2, 37
Let o = 7 + -5. Suppose o*i - 4*t + 42 = 4*i, 2*i - 2*t - 48 = 0. What are the prime factors of i?
23
Suppose -154 = -4*i - 38. List the prime factors of i.
29
Let q(a) = a**2 - 10*a + 12. Let c be q(11). Suppose 2*t - 70 = 7*t. Let m = c + t. List the prime factors of m.
3
Let s = 4 + -2. Suppose -s*b = -4*b. Suppose b = w - 11. List the prime factors of w.
11
What are the prime factors of 3 + 1*-6 - -17?
2, 7
Let w = 23 + -2. What are the prime factors of w?
3, 7
Let z = -8 + 19. Let f = -9 + z. What are the prime factors of f?
2
Let h(q) = q**2 + 5*q - 4. Let w be h(-6). Suppose 4*k - w*m = 3*k + 72, 117 = 2*k + 5*m. What are the prime factors of (-4)/(-22) - (-318)/k?
5
Let h be (-8)/(-10)*(-50)/4. Let a = -5 - 1. Let l = a - h. List the prime factors of l.
2
Suppose 12*v = -0*v + 2040. List the prime factors of v.
2, 5, 17
Let h(d) = -d**3 + d - 5. What are the prime factors of h(-3)?
19
Suppose -278 = -10*x + 112. List the prime factors of x.
3, 13
Let a = 205 + -142. List the prime factors of a.
3, 7
Suppose -2*d = -4, 0*z - 6 = -3*z + 3*d. Suppose z*q = 6 + 2. What are the prime factors of q?
2
Let o = 164 - 97. Suppose -2*d + 12 = -2*a, 5*a + 17 = -5*d + o. List the prime factors of d.
2
Suppose 141 + 23 = 5*d + 3*p, -70 = -2*d + p. List the prime factors of d.
2, 17
Suppose 4*z = 5*a - 0*z + 40, 0 = -3*z - 15. Let d(f) = 14 + 8 + f**2 - 6 + 13*f. What are the prime factors of d(a)?
2
Let h = -55 + 121. What are the prime factors of h?
2, 3, 11
Let d(b) = -32*b**3 - 2*b**2 - 2*b - 1. Let f be d(-1). Let x = f + -20. List the prime factors of x.
11
Suppose 0 = -4*a - 5*b + 141, 4*b - 78 = -3*a + a. Suppose 0 = -4*l + o + 31, -4*l - o + a = -12. List the prime factors of l.
3
Suppose 2*b - 4*b - 6 = 0. Let j be (b - 0)/(-4 + 5). List the prime factors of (7 + -2 - -1) + j.
3
What are the prime factors of (8/(-44) + (-53)/11)*-58?
2, 5, 29
What are the prime factors of (96/9)/((-10)/(-330))?
2, 11
Let p(t) = -33*t - 1. List the prime factors of p(-5).
2, 41
Let k = -48 - -94. What are the prime factors of k?
2, 23
What are the prime factors of 48/(-9)*90/(-12)?
2, 5
Suppose 15*t - 205 = 10*t. List the prime factors of t.
41
Let t(c) = 1 - 4*c**2 + 3*c**2 + 2*c + 2*c**2 + c. What are the prime factors of t(-5)?
11
Let s = -11 + 15. Let c(k) = -k**3 + 4*k**2 + 4*k - 6. Let g be c(s). Let v = 1 + g. What are the prime factors of v?
11
Let x(h) = h**3 - 5*h**2 + 3*h - 1. Let y be x(4). Let l = -3 - y. What are the prime factors of l?
2
Let z(i) be the first derivative of i**3 - 3/2*i**2 + 2 - i + 1/4*i**4. List the prime factors of z(-2).
3
Let a be ((-35)/21)/(2/18). Let r = a - -28. What are the prime factors of r?
13
Let l = 82 + -24. What are the prime factors of l?
2, 29
Let n(q) = 3*q - 8. Let x be n(11). Suppose -2*p - 7 = -x. What are the prime factors of p?
3
Let k(j) = -j**3 - j**2 - 7. Let b be k(0). Let f(i) = -3*i + 4. Let l be f(b). Suppose 3*g + 10 - l = 0. List the prime factors of g.
5
Let x(g) be the third derivative of -1/6*g**3 + 0 - 3*g**2 + 1/24*g**4 + 0*g. List the prime factors of x(9).
2
Let y(h) = 4 + 5*h - h**3 - h**2 + 6*h**2 + 3*h. Suppose -a + f + 10 = 3*f, -2*a + 2 = -5*f. List the prime factors of y(a).
2
What are the prime factors of (6/(-6))/((-2)/58)?
29
Let z = -1 - -28. Suppose 2*p - 21 = z. What are the prime factors of p?
2, 3
What are the prime factors of 3 + (1 + -1)/(-4)?
3
List the prime factors of (((-3430)/15)/(-7))/(3/9).
2, 7
Let j be (-8)/12 + 14/3. Suppose 4*r + r - 2 = 3*s, -2*s - j = -4*r. What are the prime factors of s?
2, 3
Suppose 0*a - 3 = -3*a. Let m(t) = t**3 + 1. List the prime factors of m(a).
2
Let o(x) be the second derivative of -x**4/12 + 11*x**3/6 - 11*x**2/2 - 2*x. Suppose -2*t + 16 = -0*t. What are the prime factors of o(t)?
13
Let l be (-216)/(-6) - (1 + 1). Suppose 2*i + 4*b = 14, 1 = 5*i - 2*b - l. Suppose -i = 2*o - 3*x - 18, 0 = -5*o + 3*x + 32. What are the prime factors of o?
7
Let u(x) = 18*x**2 + x + 1. Let g = 6 + -7. What are the prime factors of u(g)?
2, 3
Let v(d) = d**2 - 3*d - 5. Let c be v(-4). Let n = -10 + c. What are the prime factors of n?
13
Let o = 5 + -3. Let n(c) = 4*c**3 + 4*c + 5*c**o + 4 - 3*c**3 - 1. List the prime factors of n(-3).
3
Suppose 2*d - 23 = 3. List the prime factors of d.
13
Let t(y) be the second derivative of y**4/2 + y**3/6 + y. Let f be t(-1). Suppose 4*o + 4*b = 3*b + 49, f*b = -5*o + 80. List the prime factors of o.
11
Suppose 3*h - 4 = 2. Suppose 2*a - 2 = -h*l, 2*l + 3*a - 14 = 7*a. Suppose 0 = 2*b - 11 - l. List the prime factors of b.
7
Let i = -7 - -20. List the prime factors of i.
13
Suppose 2*w - 24 + 6 = 0. Let r(i) be the third derivative of i**6/120 - i**5/6 + 5*i**4/12 + i**3/3 - 2*i**2. List the prime factors of r(w).
11
Let g = 0 + 4. Let c = -3 + g. List the prime factors of (-13)/(-3) - c/3.
2
Suppose 3 = q - 3. What are the prime factors of ((-4)/q)/(2/(-27))?
3
Suppose -4*c = -4*s + 8*s - 4, -c - 4*s - 8 = 0. Let k = c - -5. What are the prime factors of k?
3
Let a = 27 - 14. Let n = a + -22. Let h = n + 15. What are the prime factors of h?
2, 3
Suppose 3*i = -0*i - 9. Let g(p) = -2*p**3 - 4*p**2 - p - 2. List the prime factors of g(i).
19
Suppose 0*s + 2*s + 130 = 0. Let w = -18 - s. Let h = w - 32. What are the prime factors of h?
3, 5
Let f(s) = s + 10. Let a be f(-10). Suppose 0 = d - a*d + 5*q + 28, 4*q + 17 = d. Let i = 8 + d. What are the prime factors of i?
5
Let l(o) = o**2 + o**3 - 7*o + 19 - 11 - 2*o - 5*o**2. What are the prime factors of l(6)?
2, 13
Suppose 2*t = 4*g - 18, 2*g + 3*g = 3*t + 23. Let f(j) = -2*j + g*j + 9 - 25. List the prime factors of f(11).
2, 3
Suppose 2 = 2*r + 4*n, -4*r - 3*n + 16 = -n. Let x = 5 - r. Suppose -s + 0 + 2 = x. What are the prime factors of s?
2
Let l(g) = 14 + 12 - 6 - g + 2. List the prime factors of l(0).
2, 11
Let b = -42 + 114. List the prime factors of b.
2, 3
Suppose -r - 4*r + 15 = 0. Suppose -4*y = 2*m - 18, 0*y = -r*m + 3*y. Suppose m*p - t = 12, p + 2 = 2*t + 1. List the prime factors of p.
5
Suppose 8*n - 7*n - 39 = 0. What are the prime factors of n?
3, 13
Let k = 89 + -62. Let h(s) = -2*s - 3. Let m be h(-3). Suppose -5*j + k = -m*y, 2*y + 0*y + 8 = 0. List the prime factors of j.
3
Suppose -2*y = 3*n - 546, -5*y + 3*y + 2*n = -536. List the prime factors of y.
2, 3, 5
Let s(j) = 2*j**2 - 5*j + 4. Let z(l) = 3*l + 2*l**2 + 3 - 3*l**2 + 3*l**2 - 3*l**2. Let c be z(3). What are the prime factors of s(c)?
7
Let l(v) = v**2 + 2*v + 4. Let n be l(4). Suppose 0 = -4*i + n. List the prime factors of i.
7
Suppose -5*z - 121 = -r, -7*z = -2*z - 20. List the prime factors of r/12 - (-12)/(-16).
11
Suppose -v - 22 = -2*r + 3*v, -v = 5*r - 22. Suppose 3*k - 3 = -15, 5*m - r*k - 90 = 0. List the prime factors of m.
2, 7
Suppose -3*m = 12, 3*m = -5*o + m + 12. Suppose 4*d - 20 = -o*c, 4*d - d - 17 = -4*c. List the prime factors of c.
2
What are the prime factors of 975/35 - (-2)/14?
2, 7
Let o(b) = b + 5. Let g be o(0). Suppose 0 = g*h - h - 76. What are the prime factors of h?
19
Let i be 73 + (-1 + -1 - 0). Let f(m) = m**3 - 7*m**2 - 2*m - 3. Let a be f(6). Let q = i + a. List the prime factors of q.
2, 5
List the prime factors of (-3)/(-6)*-2 + 33.
2
Let j be ((-3)/6)/(1/(-6)). Suppose -j*n + 95 = -8*n. Let s = 31 + n. List the prime factors of s.
2, 3
Let u be -2*(-1)/(-3)*48. Let f = u + 61. What are the prime factors of f?
29
Let x be -1 + 4 - 35 - -2. Let k be 48/x*(1 - 16). Suppose t + k = 3*t. List the prime factors of t.
2, 3
Suppose 0*m = -m + 27. Suppose 5*f - m = -2. What are the prime factors of 20/f + (-2)/2?
3
Let d = 89 + -46. What are the prime factors of d?
43
Let p be 1*6 + 3 + -5. Let q = -6 + p. List the prime factors of (1 + 1)/(q/(-8)).
2
Let w = 29 - 17. What are the prime factors of w?
2, 3
Suppose 0 = o + 11*o - 2400. List the prime factors of o.
2, 5
Suppose 8*q - 367 = 73. List the prime factors of q.
5, 11
Let u(y) = -y**2 + 7*y + 9. Let t be u(8). What are the prime factors of t + 0 + -2 - -3?
2
Let c = -97 - -193. What are th